{"id":440,"date":"2020-02-23T18:24:43","date_gmt":"2020-02-23T18:24:43","guid":{"rendered":"https:\/\/zahnarzt-dippoldiswalde.de\/?page_id=440"},"modified":"2024-01-13T12:36:45","modified_gmt":"2024-01-13T11:36:45","slug":"jobs","status":"publish","type":"page","link":"https:\/\/zahnarzt-freital.info\/?page_id=440","title":{"rendered":"Neue Patienten"},"content":{"rendered":"\n<p> <strong>Neue Patienten &#8211; herzlich willkommen!<\/strong><\/p>\n\n\n\n<h2 class=\"wp-block-heading\"><strong>BITTE BEACHTEN SIE FOLGENDE HINWEISE<\/strong><\/h2>\n\n\n\n<p> Wir freuen uns sehr \u00fcber das gro\u00dfe Vertrauen, dass Sie unserem Team entgegenbringen. Unser Ziel  ist es Ihre Zahngesundheit und -\u00e4sthetik dauerhaft zu erhalten bzw. wiederherzustellen. Eine umfassende Befundbewertung bildet die Grundlage f\u00fcr eine individuelle und ganzheitliche Behandlung. So konnten wir bereits bei vielen Patienten Probleme l\u00f6sen, die sie lange Zeit mit sich &#8222;herumgeschleppt&#8220; haben, ohne dass die eigentliche Ursache daf\u00fcr gefunden wurde. Dabei legen wir gro\u00dfen  Wert darauf,  Sie als Neupatient ausf\u00fchrlich \u00fcber Behandlungsmethoden zu informieren. Wir haben immer ein offenes Ohr f\u00fcr Ihr Anliegen und eventuelle Sorgen, und versuchen Ihre W\u00fcnsche professionell zu erf\u00fcllen. <br><br>Der <a href=\"https:\/\/www.google.com\/maps\/place\/Zahn%C3%A4rztin+Tania+Mintcheva\/@51.0137959,13.6675463,15z\/data=!4m5!3m4!1s0x0:0x54cbc88032daec53!8m2!3d51.0137959!4d13.6675463\" title=\"https:\/\/www.google.com\/maps\/place\/Zahn%C3%A4rztin+Tania+Mintcheva\/@51.0137959,13.6675463,15z\/data=!4m5!3m4!1s0x0:0x54cbc88032daec53!8m2!3d51.0137959!4d13.6675463\" target=\"_blank\" rel=\"noreferrer noopener\">Google Map Routenplaner<\/a> zeigt Ihnen den Weg zu unserer Zahnarztpraxis in  Freital  (Landkreis S\u00e4chsische Schweiz-Osterzgebirge in Sachsen) . Parkm\u00f6glichkeiten sind vor der Praxis vorhanden. <\/p>\n\n\n\n<p>W\u00e4hrend Ihres ersten Termins bei uns zur  zahn\u00e4rztlichen Befundaufnahme und Bewertung werden wir Ihre Anliegen  bez\u00fcglich einer Behandlung sowie alle \u00fcbrigen Informationen  zusammentragen, die zu Ihrer optimalen Betreuung als Neupatient  erforderlich sind.  Wenn innerhalb der letzten sechs Monaten R\u00f6ntgen-Bilder Ihrer Z\u00e4hne gemacht worden sind, bitten wir Sie diese mitzubringen. Alternativ k\u00f6nnen wir die notwendigen Unterlagen f\u00fcr Sie anfordern lassen. Bei  Bedarf werden Kiefermodelle und R\u00f6ntgenbilder angefertigt und bewertet. <br><\/p>\n\n\n\n<h3 class=\"wp-block-heading\"><strong>Medikamentenliste<\/strong><\/h3>\n\n\n\n<p> Wenn Sie dauerhaft oder regelm\u00e4\u00dfig Medikamente einnehmen m\u00fcssen, sollten wir  das wissen. Bitte fertigen Sie eine Medikamentenliste an und  bringen Sie diese mit.&nbsp;Bei  schwerwiegenden oder chronischen Erkrankungen, bitten wir Sie, die  Beipackzettel Ihrer Medikamente mitzubringen. Wir wollen sicher sein,  dass es zu keinen unerw\u00fcnschten     Wechselwirkungen kommt. <\/p>\n\n\n\n<h3 class=\"wp-block-heading\" id=\"cc-m-header-5788243451\"><strong>Allergiepass<\/strong><\/h3>\n\n\n\n<p> Wenn Ihnen Ihr Arzt einen Allergiepass ausgestellt hat, bringen Sie  diesen bitte mit, damit wir eventuelle Allergien bei der zahn\u00e4rztlichen Behandlung     ber\u00fccksichtigen k\u00f6nnen <\/p>\n\n\n\n<h3 class=\"wp-block-heading\" id=\"cc-m-header-5788245151\"><strong>Bonusheft<\/strong><\/h3>\n\n\n\n<p> Bringen Sie auch Ihr Bonusheft mit,  damit der j\u00e4hrliche Bonus f\u00fcr die Krankenkasse vermerkt werden kann. Das Bonusheft hat weiterhin G\u00fcltigkeit und kann bares Geld f\u00fcr Sie wert sein, falls Sie Zahnersatz ben\u00f6tigen. <\/p>\n\n\n\n<p><\/p>\n\n\n\n<p><\/p>\n\n\n\n<div class=\"homecontact-left\" style=\"width:width;\"> \n\t\t\t<h2 class=\"section_title\">Kontaktieren Sie uns<\/h2>\n\t\t\t<div role=\"form\" class=\"wpcf7\" id=\"wpcf7-f485-o1\" lang=\"de-DE\" dir=\"ltr\">\n<div class=\"screen-reader-response\"><p role=\"status\" aria-live=\"polite\" aria-atomic=\"true\"><\/p> <ul><\/ul><\/div>\n<form action=\"\/index.php?rest_route=%2Fwp%2Fv2%2Fpages%2F440#wpcf7-f485-o1\" method=\"post\" class=\"wpcf7-form init\" novalidate=\"novalidate\" data-status=\"init\">\n<div style=\"display: none;\">\n<input type=\"hidden\" name=\"_wpcf7\" value=\"485\" \/>\n<input type=\"hidden\" name=\"_wpcf7_version\" value=\"5.5.6\" \/>\n<input type=\"hidden\" name=\"_wpcf7_locale\" value=\"de_DE\" \/>\n<input type=\"hidden\" name=\"_wpcf7_unit_tag\" value=\"wpcf7-f485-o1\" \/>\n<input type=\"hidden\" name=\"_wpcf7_container_post\" value=\"0\" \/>\n<input type=\"hidden\" name=\"_wpcf7_posted_data_hash\" value=\"\" \/>\n<\/div>\n<p><label> Name: (Pflichtfeld)<br \/>\n    <span class=\"wpcf7-form-control-wrap your-name\"><input type=\"text\" name=\"your-name\" value=\"\" size=\"40\" class=\"wpcf7-form-control wpcf7-text wpcf7-validates-as-required\" aria-required=\"true\" aria-invalid=\"false\" \/><\/span> <\/label><\/p>\n<p><label> E-Mail-Adresse: (Pflichtfeld)<br \/>\n    <span class=\"wpcf7-form-control-wrap your-email\"><input type=\"email\" name=\"your-email\" value=\"\" size=\"40\" class=\"wpcf7-form-control wpcf7-text wpcf7-email wpcf7-validates-as-required wpcf7-validates-as-email\" aria-required=\"true\" aria-invalid=\"false\" \/><\/span> <\/label><\/p>\n<p><label> Betreff:<br \/>\n    <span class=\"wpcf7-form-control-wrap your-subject\"><input type=\"text\" name=\"your-subject\" value=\"\" size=\"40\" class=\"wpcf7-form-control wpcf7-text\" aria-invalid=\"false\" \/><\/span> <\/label><\/p>\n<p><label> Nachricht:<br \/>\n    <span class=\"wpcf7-form-control-wrap your-message\"><textarea name=\"your-message\" cols=\"40\" rows=\"10\" class=\"wpcf7-form-control wpcf7-textarea\" aria-invalid=\"false\"><\/textarea><\/span> <\/label><\/p>\n<p><input type=\"submit\" value=\"Senden\" class=\"wpcf7-form-control has-spinner wpcf7-submit\" \/><\/p>\n<p style=\"display: none !important;\"><label>&#916;<textarea name=\"_wpcf7_ak_hp_textarea\" cols=\"45\" rows=\"8\" maxlength=\"100\"><\/textarea><\/label><input type=\"hidden\" id=\"ak_js_1\" name=\"_wpcf7_ak_js\" value=\"80\"\/><script>document.getElementById( \"ak_js_1\" ).setAttribute( \"value\", ( new Date() ).getTime() );<\/script><\/p><div class=\"wpcf7-response-output\" aria-hidden=\"true\"><\/div><\/form><\/div> <\/div>\n\n\n\n<p><\/p>\n","protected":false},"excerpt":{"rendered":"<p>Neue Patienten &#8211; herzlich willkommen! BITTE BEACHTEN SIE FOLGENDE HINWEISE Wir freuen uns sehr \u00fcber das gro\u00dfe Vertrauen, dass Sie unserem Team entgegenbringen. Unser Ziel ist es Ihre Zahngesundheit und -\u00e4sthetik dauerhaft zu erhalten bzw. wiederherzustellen. Eine umfassende Befundbewertung bildet die Grundlage f\u00fcr eine individuelle und ganzheitliche Behandlung. So konnten wir bereits bei vielen Patienten&#8230; <\/p>\n","protected":false},"author":1,"featured_media":0,"parent":0,"menu_order":0,"comment_status":"closed","ping_status":"closed","template":"full-width.php","meta":{"_monsterinsights_skip_tracking":false,"_monsterinsights_sitenote_active":false,"_monsterinsights_sitenote_note":"","_monsterinsights_sitenote_category":0,"footnotes":""},"amp_enabled":false,"_links":{"self":[{"href":"https:\/\/zahnarzt-freital.info\/index.php?rest_route=\/wp\/v2\/pages\/440"}],"collection":[{"href":"https:\/\/zahnarzt-freital.info\/index.php?rest_route=\/wp\/v2\/pages"}],"about":[{"href":"https:\/\/zahnarzt-freital.info\/index.php?rest_route=\/wp\/v2\/types\/page"}],"author":[{"embeddable":true,"href":"https:\/\/zahnarzt-freital.info\/index.php?rest_route=\/wp\/v2\/users\/1"}],"replies":[{"embeddable":true,"href":"https:\/\/zahnarzt-freital.info\/index.php?rest_route=%2Fwp%2Fv2%2Fcomments&post=440"}],"version-history":[{"count":64,"href":"https:\/\/zahnarzt-freital.info\/index.php?rest_route=\/wp\/v2\/pages\/440\/revisions"}],"predecessor-version":[{"id":1156,"href":"https:\/\/zahnarzt-freital.info\/index.php?rest_route=\/wp\/v2\/pages\/440\/revisions\/1156"}],"wp:attachment":[{"href":"https:\/\/zahnarzt-freital.info\/index.php?rest_route=%2Fwp%2Fv2%2Fmedia&parent=440"}],"curies":[{"name":"wp","href":"https:\/\/api.w.org\/{rel}","templated":true}]}}