{"id":959,"date":"2022-10-04T22:14:53","date_gmt":"2022-10-04T20:14:53","guid":{"rendered":"https:\/\/zahnarzt-freital.info\/?page_id=959"},"modified":"2024-01-13T12:06:09","modified_gmt":"2024-01-13T11:06:09","slug":"bleaching","status":"publish","type":"page","link":"https:\/\/zahnarzt-freital.info\/?page_id=959","title":{"rendered":"Bleaching"},"content":{"rendered":"\n<h2 class=\"wp-block-heading\">Medizinisches Bleaching in der Praxis \u2013 eine langfristige Investition in sch\u00f6ne helle Z\u00e4hne.<\/h2>\n\n\n\n<p>Die Zahnaufhellung in unserer Praxis wird durch zahnmedizinisches Fachpersonal durchgef\u00fchrt. Das erlaubt den Einsatz von h\u00f6her konzentrierten Gelen (25% Wasserstoffperoxid ) als dies bei einer Aufhellung zu Hause m\u00f6glich ist. Die angewendete Philips Zoom Technologie ist nachweislich nicht sch\u00e4dlich f\u00fcr Z\u00e4hne und Zahnfleisch. Die eingesetzte LED-Lampe beschleunigt die Aufhellung, sodass Sie bereits nach einer Sitzung ein strahlendes Ergebnis sehen werden. Bei sorgf\u00e4ltiger Zahnpflege h\u00e4lt das Ergebnis 2 bis 4 Jahre an. Damit hat das medizinische Bleaching in der Praxis mit der Philips Zoom Technologie ein ausgezeichnetes Kosten-Nutzen-Verh\u00e4ltnis und ist eine empfehlenswerte Investition in sch\u00f6ne helle Z\u00e4hne.<\/p>\n\n\n\n<figure class=\"wp-block-gallery has-nested-images columns-default is-cropped wp-block-gallery-1 is-layout-flex wp-block-gallery-is-layout-flex\">\n<figure class=\"wp-block-image size-large\"><img loading=\"lazy\" decoding=\"async\" width=\"1061\" height=\"707\" data-id=\"1002\" src=\"https:\/\/zahnarzt-freital.info\/wp-content\/uploads\/2023\/01\/Bleaching.jpg\" alt=\"\" class=\"wp-image-1002\" srcset=\"https:\/\/zahnarzt-freital.info\/wp-content\/uploads\/2023\/01\/Bleaching.jpg 1061w, https:\/\/zahnarzt-freital.info\/wp-content\/uploads\/2023\/01\/Bleaching-450x300.jpg 450w, https:\/\/zahnarzt-freital.info\/wp-content\/uploads\/2023\/01\/Bleaching-225x150.jpg 225w, https:\/\/zahnarzt-freital.info\/wp-content\/uploads\/2023\/01\/Bleaching-768x512.jpg 768w\" sizes=\"(max-width: 1061px) 100vw, 1061px\" \/><figcaption class=\"wp-element-caption\">Bleaching<\/figcaption><\/figure>\n<\/figure>\n\n\n\n<p><\/p>\n\n\n\n<p><\/p>\n\n\n\n<h2 class=\"wp-block-heading\">Strahlen Sie mit der Sonne um die Wette!<\/h2>\n\n\n\n<p>Ein strahlendes L\u00e4cheln kann so manche T\u00fcr \u00f6ffnen, es gibt Selbstvertrauen und l\u00e4sst einen vitaler und attraktiver aussehen. Deshalb ist es f\u00fcr so viele Menschen wichtig, wei\u00dfe Z\u00e4hne zu haben.<br>Heute ist das m\u00fchelos m\u00f6glich. In unserer Praxis favorisierte Philips Bleachingverfahren ist sehr wirkungsvoll und schonend. Bei sachgem\u00e4\u00dfer Anwendung sind keinerlei Sch\u00e4den zu bef\u00fcrchten.<br>In nur eine Sitzung in der Praxis sehen Sie ein deutliches Ergebnis: Bis zu 8 Farbnuancen hellere Z\u00e4hne!<\/p>\n\n\n\n<figure class=\"wp-block-gallery has-nested-images columns-default is-cropped wp-block-gallery-2 is-layout-flex wp-block-gallery-is-layout-flex\">\n<figure class=\"wp-block-image size-large\"><img loading=\"lazy\" decoding=\"async\" width=\"1099\" height=\"733\" data-id=\"1014\" src=\"https:\/\/zahnarzt-freital.info\/wp-content\/uploads\/2023\/01\/Bleachingset.jpg\" alt=\"\" class=\"wp-image-1014\" srcset=\"https:\/\/zahnarzt-freital.info\/wp-content\/uploads\/2023\/01\/Bleachingset.jpg 1099w, https:\/\/zahnarzt-freital.info\/wp-content\/uploads\/2023\/01\/Bleachingset-450x300.jpg 450w, https:\/\/zahnarzt-freital.info\/wp-content\/uploads\/2023\/01\/Bleachingset-225x150.jpg 225w, https:\/\/zahnarzt-freital.info\/wp-content\/uploads\/2023\/01\/Bleachingset-768x512.jpg 768w\" sizes=\"(max-width: 1099px) 100vw, 1099px\" \/><figcaption class=\"wp-element-caption\">Bleaching Set<\/figcaption><\/figure>\n<\/figure>\n\n\n\n<p><\/p>\n\n\n\n<p><\/p>\n\n\n\n<h2 class=\"wp-block-heading\">Philips Zoom Bleaching<\/h2>\n\n\n\n<p>Es gibt viele Ursachen f\u00fcr Zahnverf\u00e4rbungen. Zu den h\u00e4ufigsten geh\u00f6ren das \u00c4lterwerden sowie der Genus zahnverf\u00e4rbender Substanzen wie Kaffee, Tee, Cola, Tabak, Rotwein, etc. Molek\u00fcle aus farbechten Lebens- und Genussmitteln lagern sich in den Z\u00e4hnen ein. \u2026 Auch Krankheiten oder die Verwendung bestimmter Arzneimittel k\u00f6nnen eine Verf\u00e4rbung der Z\u00e4hne verursachen.<br>Dank der Philips Zoom WhiteSpeed Accelerator-Lampe werden Verf\u00e4rbungen trotz kurzer Anwendungszeit deutlich intensiver entfernt.<br>Vor dem Bleaching sollte unbedingt eine professionelle Zahnreinigung durchgef\u00fchrt werden um das optimalste Ergebnis beim Bleichen zu erreichen.<br>Nach einer kurzen Vorbereitung, bei der Ihre Lippen und das Zahnfleisch abgedeckt werden, wird ein mildes Zahnaufhellungsgel auf Ihre Z\u00e4hne aufgetragen.<br>Jetzt wird die Philips Zoom WhiteSpeed Accelerator-Lampe vor Ihrem Mund ausgerichtet, um alle Z\u00e4hne zu beleuchten. Dieses Licht wird 15 Minuten die Wirkung des Zahnaufhellungsgels beschleunigen. Die aufgebrochenen Farbtr\u00e4ger verlieren ihre Farbe \u2013 die Z\u00e4hne hellen auf. Je nach Bedarf und gew\u00fcnschtem Aufhellungsgrad wird dieses Vorgehen 3-4 Mal wiederholt.<br>Das Ergebnis einer solchen medizinischen Zahnaufhellung h\u00e4lt 2 bis 4 Jahre an. Vorausgesetzt Sie putzen Ihre Z\u00e4hne mindestens zwei Mal t\u00e4glich und suchen regelm\u00e4\u00dfig Ihre Zahnarztpraxis zur professionelle Zahnreinigung auf. <\/p>\n\n\n\n<figure class=\"wp-block-gallery has-nested-images columns-default is-cropped wp-block-gallery-3 is-layout-flex wp-block-gallery-is-layout-flex\">\n<figure class=\"wp-block-image size-large\"><img loading=\"lazy\" decoding=\"async\" width=\"1116\" height=\"744\" data-id=\"1015\" src=\"https:\/\/zahnarzt-freital.info\/wp-content\/uploads\/2023\/01\/Philips-Zoom.jpg\" alt=\"\" class=\"wp-image-1015\" srcset=\"https:\/\/zahnarzt-freital.info\/wp-content\/uploads\/2023\/01\/Philips-Zoom.jpg 1116w, https:\/\/zahnarzt-freital.info\/wp-content\/uploads\/2023\/01\/Philips-Zoom-450x300.jpg 450w, https:\/\/zahnarzt-freital.info\/wp-content\/uploads\/2023\/01\/Philips-Zoom-225x150.jpg 225w, https:\/\/zahnarzt-freital.info\/wp-content\/uploads\/2023\/01\/Philips-Zoom-768x512.jpg 768w\" sizes=\"(max-width: 1116px) 100vw, 1116px\" \/><figcaption class=\"wp-element-caption\">Philips Zoom Lampe<\/figcaption><\/figure>\n<\/figure>\n\n\n\n<p><\/p>\n\n\n\n<p><\/p>\n\n\n\n<h2 class=\"wp-block-heading\">Ist die Aufhellung unbedenklich?<\/h2>\n\n\n\n<p>Ja! Die Zahnaufhellung von Philips in der Praxis ist ein ausgereifter Prozess in der \u00e4sthetischen Zahnheilkunde. Der aktive Bestandteil, Wasserstoffperoxid, wird bereits seit vielen Jahren bei der Behandlung im Mund- und Rachenraum angewendet. Umfassende wissenschaftliche und klinische Studien haben gezeigt, dass die Zahnaufhellung unter Aufsicht eines Zahnarztes oder einer Prophylaxehelferin unbedenklich ist*. <\/p>\n\n\n\n<p>Die Erfahrung hat gezeigt, dass es nach der Behandlung zu Empfindlichkeiten gegen\u00fcber K\u00e4lte kommen kann. Diese Symptome verschwinden jedoch innerhalb von 1\u20133 Tagen. Zu Vor- und Nachbehandlung gibt es das Relief ACP Gel, das die Empfindlichkeit zuverl\u00e4ssig vermindert.<br>F\u00fcr weitere Informationen steht Ihnen unser geschultes Fachpersonal in der Zahnarztpraxis unverbindlich zur Verf\u00fcgung.<\/p>\n\n\n\n<figure class=\"wp-block-gallery has-nested-images columns-default is-cropped wp-block-gallery-4 is-layout-flex wp-block-gallery-is-layout-flex\">\n<figure class=\"wp-block-image size-large\"><img loading=\"lazy\" decoding=\"async\" width=\"1059\" height=\"706\" data-id=\"1016\" src=\"https:\/\/zahnarzt-freital.info\/wp-content\/uploads\/2023\/01\/Ein-strahlendes-Laecheln.jpg\" alt=\"\" class=\"wp-image-1016\" srcset=\"https:\/\/zahnarzt-freital.info\/wp-content\/uploads\/2023\/01\/Ein-strahlendes-Laecheln.jpg 1059w, https:\/\/zahnarzt-freital.info\/wp-content\/uploads\/2023\/01\/Ein-strahlendes-Laecheln-450x300.jpg 450w, https:\/\/zahnarzt-freital.info\/wp-content\/uploads\/2023\/01\/Ein-strahlendes-Laecheln-225x150.jpg 225w, https:\/\/zahnarzt-freital.info\/wp-content\/uploads\/2023\/01\/Ein-strahlendes-Laecheln-768x512.jpg 768w\" sizes=\"(max-width: 1059px) 100vw, 1059px\" \/><figcaption class=\"wp-element-caption\">Ein strahlendes L\u00e4cheln<\/figcaption><\/figure>\n<\/figure>\n\n\n\n<p class=\"has-small-font-size\">*Studienheft Philips Zoom \u201eThe science behind ZOOM Whitening\u201c 2019 Discus Dental. LLC.<\/p>\n\n\n\n\n\n<p><\/p>\n","protected":false},"excerpt":{"rendered":"<p>Medizinisches Bleaching in der Praxis \u2013 eine langfristige Investition in sch\u00f6ne helle Z\u00e4hne. Die Zahnaufhellung in unserer Praxis wird durch zahnmedizinisches Fachpersonal durchgef\u00fchrt. Das erlaubt den Einsatz von h\u00f6her konzentrierten Gelen (25% Wasserstoffperoxid ) als dies bei einer Aufhellung zu Hause m\u00f6glich ist. Die angewendete Philips Zoom Technologie ist nachweislich nicht sch\u00e4dlich f\u00fcr Z\u00e4hne und&#8230; <\/p>\n","protected":false},"author":1,"featured_media":0,"parent":0,"menu_order":0,"comment_status":"closed","ping_status":"closed","template":"full-width.php","meta":{"_monsterinsights_skip_tracking":false,"_monsterinsights_sitenote_active":false,"_monsterinsights_sitenote_note":"","_monsterinsights_sitenote_category":0,"footnotes":""},"amp_enabled":false,"_links":{"self":[{"href":"https:\/\/zahnarzt-freital.info\/index.php?rest_route=\/wp\/v2\/pages\/959"}],"collection":[{"href":"https:\/\/zahnarzt-freital.info\/index.php?rest_route=\/wp\/v2\/pages"}],"about":[{"href":"https:\/\/zahnarzt-freital.info\/index.php?rest_route=\/wp\/v2\/types\/page"}],"author":[{"embeddable":true,"href":"https:\/\/zahnarzt-freital.info\/index.php?rest_route=\/wp\/v2\/users\/1"}],"replies":[{"embeddable":true,"href":"https:\/\/zahnarzt-freital.info\/index.php?rest_route=%2Fwp%2Fv2%2Fcomments&post=959"}],"version-history":[{"count":17,"href":"https:\/\/zahnarzt-freital.info\/index.php?rest_route=\/wp\/v2\/pages\/959\/revisions"}],"predecessor-version":[{"id":1149,"href":"https:\/\/zahnarzt-freital.info\/index.php?rest_route=\/wp\/v2\/pages\/959\/revisions\/1149"}],"wp:attachment":[{"href":"https:\/\/zahnarzt-freital.info\/index.php?rest_route=%2Fwp%2Fv2%2Fmedia&parent=959"}],"curies":[{"name":"wp","href":"https:\/\/api.w.org\/{rel}","templated":true}]}}